{"id":1058,"date":"2021-09-13T00:07:04","date_gmt":"2021-09-13T00:07:04","guid":{"rendered":"https:\/\/www.chjl.org\/covid19\/?page_id=1058"},"modified":"2021-09-23T16:05:51","modified_gmt":"2021-09-23T16:05:51","slug":"comprension-de-la-vacilacion-de-las-vacunas-entre-grupos","status":"publish","type":"page","link":"https:\/\/www.chjl.org\/covid19\/es\/comprension-de-la-vacilacion-de-las-vacunas-entre-grupos\/","title":{"rendered":"Comprensi\u00f3n de la vacilaci\u00f3n de las vacunas entre grupos"},"content":{"rendered":"\t\t<div data-elementor-type=\"wp-page\" data-elementor-id=\"1058\" class=\"elementor elementor-1058\" data-elementor-settings=\"[]\">\n\t\t\t\t\t\t\t<div class=\"elementor-section-wrap\">\n\t\t\t\t\t\t\t<section class=\"elementor-section elementor-top-section elementor-element elementor-element-e39cd0c elementor-section-content-middle elementor-section-boxed elementor-section-height-default elementor-section-height-default\" data-id=\"e39cd0c\" data-element_type=\"section\">\n\t\t\t\t\t\t<div class=\"elementor-container elementor-column-gap-no\">\n\t\t\t\t\t<div class=\"elementor-column elementor-col-50 elementor-top-column elementor-element elementor-element-8b163e9\" data-id=\"8b163e9\" data-element_type=\"column\">\n\t\t\t<div class=\"elementor-widget-wrap elementor-element-populated\">\n\t\t\t\t\t\t\t\t<div class=\"elementor-element elementor-element-c722035 elementor-widget elementor-widget-heading\" data-id=\"c722035\" data-element_type=\"widget\" data-widget_type=\"heading.default\">\n\t\t\t\t<div class=\"elementor-widget-container\">\n\t\t\t<h1 class=\"elementor-heading-title elementor-size-default\">Comprensi\u00f3n de la vacilaci\u00f3n de las vacunas entre grupos<\/h1>\t\t<\/div>\n\t\t\t\t<\/div>\n\t\t\t\t<div class=\"elementor-element elementor-element-6882884 elementor-widget-divider--view-line elementor-widget elementor-widget-divider\" data-id=\"6882884\" data-element_type=\"widget\" data-widget_type=\"divider.default\">\n\t\t\t\t<div class=\"elementor-widget-container\">\n\t\t\t\t\t<div class=\"elementor-divider\">\n\t\t\t<span class=\"elementor-divider-separator\">\n\t\t\t\t\t\t<\/span>\n\t\t<\/div>\n\t\t\t\t<\/div>\n\t\t\t\t<\/div>\n\t\t\t\t<div class=\"elementor-element elementor-element-0993c0c elementor-widget elementor-widget-image\" data-id=\"0993c0c\" data-element_type=\"widget\" data-widget_type=\"image.default\">\n\t\t\t\t<div class=\"elementor-widget-container\">\n\t\t\t\t\t\t\t\t\t\t\t\t\t\t\t<img width=\"582\" height=\"389\" src=\"https:\/\/www.chjl.org\/covid19\/wp-content\/uploads\/2021\/06\/vaccine_hesitancy.jpg\" class=\"attachment-large size-large\" alt=\"\" loading=\"lazy\" srcset=\"https:\/\/www.chjl.org\/covid19\/wp-content\/uploads\/2021\/06\/vaccine_hesitancy.jpg 582w, https:\/\/www.chjl.org\/covid19\/wp-content\/uploads\/2021\/06\/vaccine_hesitancy-300x201.jpg 300w\" sizes=\"(max-width: 582px) 100vw, 582px\" \/>\t\t\t\t\t\t\t\t\t\t\t\t\t\t\t<\/div>\n\t\t\t\t<\/div>\n\t\t\t\t\t<\/div>\n\t\t<\/div>\n\t\t\t\t<div class=\"elementor-column elementor-col-50 elementor-top-column elementor-element elementor-element-ac9a300\" data-id=\"ac9a300\" data-element_type=\"column\">\n\t\t\t<div class=\"elementor-widget-wrap elementor-element-populated\">\n\t\t\t\t\t\t\t\t<div class=\"elementor-element elementor-element-2439bef elementor-widget elementor-widget-text-editor\" data-id=\"2439bef\" data-element_type=\"widget\" data-widget_type=\"text-editor.default\">\n\t\t\t\t<div class=\"elementor-widget-container\">\n\t\t\t\t\t\t\t<p>En los Estados Unidos, parece que se han identificado cuatro grupos principales dentro de la poblaci\u00f3n de personas que no est\u00e1n vacunadas:<\/p>\t\t\t\t\t\t<\/div>\n\t\t\t\t<\/div>\n\t\t\t\t<div class=\"elementor-element elementor-element-d8a4502 elementor-widget elementor-widget-heading\" data-id=\"d8a4502\" data-element_type=\"widget\" data-widget_type=\"heading.default\">\n\t\t\t\t<div class=\"elementor-widget-container\">\n\t\t\t<h2 class=\"elementor-heading-title elementor-size-default\">El grupo vigilante<\/h2>\t\t<\/div>\n\t\t\t\t<\/div>\n\t\t\t\t<div class=\"elementor-element elementor-element-72cd1c2 elementor-widget elementor-widget-text-editor\" data-id=\"72cd1c2\" data-element_type=\"widget\" data-widget_type=\"text-editor.default\">\n\t\t\t\t<div class=\"elementor-widget-container\">\n\t\t\t\t\t\t\t<p>Estas personas est\u00e1n esperando a ver que sucede a continuaci\u00f3n antes de recibir la vacuna y esperando ver qu\u00e9 tipo de experiencia tienen sus amigos o vecinos con la vacuna antes de recibir la vacuna de COVID-19.<\/p>\t\t\t\t\t\t<\/div>\n\t\t\t\t<\/div>\n\t\t\t\t<div class=\"elementor-element elementor-element-f8e07ed elementor-widget elementor-widget-heading\" data-id=\"f8e07ed\" data-element_type=\"widget\" data-widget_type=\"heading.default\">\n\t\t\t\t<div class=\"elementor-widget-container\">\n\t\t\t<h2 class=\"elementor-heading-title elementor-size-default\">El grupo ansioso por los costos<\/h2>\t\t<\/div>\n\t\t\t\t<\/div>\n\t\t\t\t<div class=\"elementor-element elementor-element-9b0f585 elementor-widget elementor-widget-text-editor\" data-id=\"9b0f585\" data-element_type=\"widget\" data-widget_type=\"text-editor.default\">\n\t\t\t\t<div class=\"elementor-widget-container\">\n\t\t\t\t\t\t\t<p>Quiere la vacuna pero no puede pagar el tiempo o el costo. Este grupo est\u00e1 preocupado por la cantidad de tiempo que se tarda en conseguir una cita. El gasto potencial de vacunarse incluye viajar al lugar de la vacunaci\u00f3n, ubicar el cuidado de los ni\u00f1os y preocupaciones acerca de tomarse del trabajo para vacunarse.<\/p>\t\t\t\t\t\t<\/div>\n\t\t\t\t<\/div>\n\t\t\t\t<div class=\"elementor-element elementor-element-5424cd9 elementor-widget elementor-widget-heading\" data-id=\"5424cd9\" data-element_type=\"widget\" data-widget_type=\"heading.default\">\n\t\t\t\t<div class=\"elementor-widget-container\">\n\t\t\t<h2 class=\"elementor-heading-title elementor-size-default\">El Grupo Desconfiado<\/h2>\t\t<\/div>\n\t\t\t\t<\/div>\n\t\t\t\t<div class=\"elementor-element elementor-element-4d72efa elementor-widget elementor-widget-text-editor\" data-id=\"4d72efa\" data-element_type=\"widget\" data-widget_type=\"text-editor.default\">\n\t\t\t\t<div class=\"elementor-widget-container\">\n\t\t\t\t\t\t\t<p>Este grupo ha experimentado racismo, estigma percibido y discriminaci\u00f3n, y creen que el sistema de atenci\u00f3n m\u00e9dica ha sido injusto con ellos debido a eventos hist\u00f3ricos y actuales que han impactado a sus comunidades. Este grupo entiende que los prejuicios sobre ciertos grupos afectan la calidad y el acceso a los servicios de salud.<\/p>\t\t\t\t\t\t<\/div>\n\t\t\t\t<\/div>\n\t\t\t\t<div class=\"elementor-element elementor-element-1761891 elementor-widget elementor-widget-heading\" data-id=\"1761891\" data-element_type=\"widget\" data-widget_type=\"heading.default\">\n\t\t\t\t<div class=\"elementor-widget-container\">\n\t\t\t<h2 class=\"elementor-heading-title elementor-size-default\">El Grupo Esc\u00e9ptico de COVID <\/h2>\t\t<\/div>\n\t\t\t\t<\/div>\n\t\t\t\t<div class=\"elementor-element elementor-element-7641963 elementor-widget elementor-widget-text-editor\" data-id=\"7641963\" data-element_type=\"widget\" data-widget_type=\"text-editor.default\">\n\t\t\t\t<div class=\"elementor-widget-container\">\n\t\t\t\t\t\t\t<p>El Grupo Esc\u00e9ptico de COVID es el que tiene menos probabilidades de vacunarse debido a sus creencias sobre COVID-19. La mayor\u00eda en este grupo cree al menos una teor\u00eda de la conspiraci\u00f3n relacionada con la pandemia, si los microchips est\u00e1n implantados con la vacuna COVID-19; el gobierno ha explotado COVID-19 para controlar a la gente o ha provocado la pandemia por parte de cierto grupo que manipula en secreto los acontecimientos mundiales.<\/p>\t\t\t\t\t\t<\/div>\n\t\t\t\t<\/div>\n\t\t\t\t\t<\/div>\n\t\t<\/div>\n\t\t\t\t\t\t\t<\/div>\n\t\t<\/section>\n\t\t\t\t<section class=\"elementor-section elementor-top-section elementor-element elementor-element-88f3990 elementor-section-content-middle elementor-section-boxed elementor-section-height-default elementor-section-height-default\" data-id=\"88f3990\" data-element_type=\"section\">\n\t\t\t\t\t\t<div class=\"elementor-container elementor-column-gap-no\">\n\t\t\t\t\t<div class=\"elementor-column elementor-col-50 elementor-top-column elementor-element elementor-element-c6f28d9\" data-id=\"c6f28d9\" data-element_type=\"column\">\n\t\t\t<div class=\"elementor-widget-wrap elementor-element-populated\">\n\t\t\t\t\t\t\t\t<div class=\"elementor-element elementor-element-161188b elementor-widget elementor-widget-heading\" data-id=\"161188b\" data-element_type=\"widget\" data-widget_type=\"heading.default\">\n\t\t\t\t<div class=\"elementor-widget-container\">\n\t\t\t<h1 class=\"elementor-heading-title elementor-size-default\">Para m\u00e1s informaci\u00f3n:<\/h1>\t\t<\/div>\n\t\t\t\t<\/div>\n\t\t\t\t<div class=\"elementor-element elementor-element-61f8e76 elementor-widget-divider--view-line elementor-widget elementor-widget-divider\" data-id=\"61f8e76\" data-element_type=\"widget\" data-widget_type=\"divider.default\">\n\t\t\t\t<div class=\"elementor-widget-container\">\n\t\t\t\t\t<div class=\"elementor-divider\">\n\t\t\t<span class=\"elementor-divider-separator\">\n\t\t\t\t\t\t<\/span>\n\t\t<\/div>\n\t\t\t\t<\/div>\n\t\t\t\t<\/div>\n\t\t\t\t\t<\/div>\n\t\t<\/div>\n\t\t\t\t<div class=\"elementor-column elementor-col-50 elementor-top-column elementor-element elementor-element-575d764\" data-id=\"575d764\" data-element_type=\"column\">\n\t\t\t<div class=\"elementor-widget-wrap elementor-element-populated\">\n\t\t\t\t\t\t\t\t<div class=\"elementor-element elementor-element-d06cee1 elementor-widget elementor-widget-text-editor\" data-id=\"d06cee1\" data-element_type=\"widget\" data-widget_type=\"text-editor.default\">\n\t\t\t\t<div class=\"elementor-widget-container\">\n\t\t\t\t\t\t\t<ul>\n \t<li><strong>Consideraciones sobre acceso igualitario a la salud y grupos de minor\u00edas raciales y \u00e9tnicas: <\/strong><a href=\"\u25cb https:\/\/espanol.cdc.gov\/coronavirus\/2019-ncov\/community\/health-equity\/race-ethnicity.html \" target=\"_blank\" rel=\"noopener\">CDC &#8211; Espa\u00f1ol<\/a><\/li>\n \t<li><strong>Vaccination Class Gap: <\/strong><a href=\"https:\/\/www.nytimes.com\/2021\/05\/24\/briefing\/vaccination-class-gap-us.html\" target=\"_blank\" rel=\"noopener\">NYTIMES &#8211; Ingl\u00e9s<\/a><\/li>\n \t<li><strong>Regional Differences: <\/strong><a href=\"https:\/\/www.nytimes.com\/2021\/05\/23\/world\/covid-vaccination-regions.html\" target=\"_blank\" rel=\"noopener\">NYTIMES &#8211; Ingl\u00e9s<\/a><\/li>\n \t<li><strong>Vaccine Hesitancy vs Herd Immunity: <\/strong><a href=\"https:\/\/www.wsj.com\/articles\/fauci-says-u-s-doing-well-on-vaccinations-concerned-about-level-of-covid-19-infections-11619373135\" target=\"_blank\" rel=\"noopener\">WSJ &#8211; Ingl\u00e9s<\/a><\/li>\n<\/ul>\n<ul>\n \t<li><strong>Racial &amp; Ethnic Diversity within COVID-19 Clinical Trials: <\/strong><a href=\"https:\/\/www.kff.org\/racial-equity-and-health-policy\/issue-brief\/racial-diversity-within-covid-19-vaccine-clinical-trials-key-questions-and-answers\/\" target=\"_blank\" rel=\"noopener\">KFF &#8211; Ingl\u00e9s<\/a><\/li>\n \t<li><strong>COVID-Vaccination Statistics in New Jersey: <\/strong><a href=\"https:\/\/usafacts.org\/visualizations\/covid-vaccine-tracker-states\/state\/new-jersey#:~:text=In%20New%20Jersey%2C%205%2C181%2C964%20people%20or%2058.34%25%20of%20the%20population,received%20at%20least%20one%20dose.&amp;text=Overall%2C%204%2C163%2C503%20people%20or%2046.87,population%20have%20been%20fully%20vaccinated\">USA FACTS &#8211; Ingl\u00e9s<\/a><\/li>\n<\/ul>\t\t\t\t\t\t<\/div>\n\t\t\t\t<\/div>\n\t\t\t\t\t<\/div>\n\t\t<\/div>\n\t\t\t\t\t\t\t<\/div>\n\t\t<\/section>\n\t\t\t\t\t\t<\/div>\n\t\t\t\t\t<\/div>\n\t\t","protected":false},"excerpt":{"rendered":"<p>En los Estados Unidos, parece que se han identificado cuatro grupos principales dentro de la poblaci\u00f3n de personas que no est\u00e1n vacunadas: El grupo vigilante Estas personas est\u00e1n esperando a ver que sucede a continuaci\u00f3n antes de recibir la vacuna y esperando ver qu\u00e9 tipo de experiencia tienen sus amigos o vecinos con la vacuna [&hellip;]<\/p>\n","protected":false},"author":1,"featured_media":0,"parent":0,"menu_order":0,"comment_status":"closed","ping_status":"closed","template":"","meta":[],"_links":{"self":[{"href":"https:\/\/www.chjl.org\/covid19\/wp-json\/wp\/v2\/pages\/1058"}],"collection":[{"href":"https:\/\/www.chjl.org\/covid19\/wp-json\/wp\/v2\/pages"}],"about":[{"href":"https:\/\/www.chjl.org\/covid19\/wp-json\/wp\/v2\/types\/page"}],"author":[{"embeddable":true,"href":"https:\/\/www.chjl.org\/covid19\/wp-json\/wp\/v2\/users\/1"}],"replies":[{"embeddable":true,"href":"https:\/\/www.chjl.org\/covid19\/wp-json\/wp\/v2\/comments?post=1058"}],"version-history":[{"count":16,"href":"https:\/\/www.chjl.org\/covid19\/wp-json\/wp\/v2\/pages\/1058\/revisions"}],"predecessor-version":[{"id":1307,"href":"https:\/\/www.chjl.org\/covid19\/wp-json\/wp\/v2\/pages\/1058\/revisions\/1307"}],"wp:attachment":[{"href":"https:\/\/www.chjl.org\/covid19\/wp-json\/wp\/v2\/media?parent=1058"}],"curies":[{"name":"wp","href":"https:\/\/api.w.org\/{rel}","templated":true}]}}